{"id":110,"date":"2009-08-13T21:35:10","date_gmt":"2009-08-13T19:35:10","guid":{"rendered":"http:\/\/www.allergie-experten.de\/wordpress\/?page_id=110"},"modified":"2009-11-18T01:20:10","modified_gmt":"2009-11-17T23:20:10","slug":"rozz-diskurs-konzept","status":"publish","type":"page","link":"https:\/\/rozz-berlin.de\/index.php\/rozz-diskurs-konzept","title":{"rendered":"ROZZ Diskurs &#038; Konzept"},"content":{"rendered":"<p>Grunds\u00e4tzliche Gedanken ber\u00fchren sowohl die Entstehung als auch die gemeinsame Auff\u00fchrung der musikalischen Ergebnisse:  ROZZ war sicher keine Konzeptband, sondern eher eine Labor f\u00fcr gemeinsame realisierte musikalische Ideen. Die Vorlieben der beteiligten Musiker f\u00fcr bestimmte Stilrichtungen bildeten den Rahmen f\u00fcr das erarbeitete Programm. <\/p>\n<p>Dabei waren die Einfl\u00fcsse vom Zeitgeist gepr\u00e4gt: Rock, Jazz, Funk, Latin und Pop wurden in den 70er Jahren zunehmend gemischt, verwoben und neu kombiniert. &#8222;Fusion&#8220;, ein viel sp\u00e4ter benutzter Begriff der eklektische Mischungen aus den genannten Stilen, gestattete den Br\u00fcckenschlag zwischen zuvor gegens\u00e4tzlich empfundenen Stilen: Die Energie des Rock konnte mit den modernen Harmonie- und Rhythmuskonzepten des Jazz verschmelzen und eine neue Verbindung eingehen. <\/p>\n<p>Besonders spiegelte sich das im Gegensatz der rockigen Soli des Gitarristen Wolfgang M\u00fcller und den jazzorientierten Improvisationen von J\u00f6rg Kleine-Tebbe oder dem Bassisten Knut Jens wider. Die Interaktion zwischen den Solisten und den Begleitmusikern entwickelte sich allm\u00e4hlich, auch wenn selten die enge musikalische Mikrokommunikation einer perfekt eingespielten Jazzband erreicht wurde. Dem entgegen stand der Wunsch nach konstanten und z\u00fcndenden Grooves, die nicht &#8222;zerraschelt&#8220; werden sollten, um den rhythmischen Fluss nicht zu behindern. <\/p>\n<p>Kompositionen  entstanden entweder<br \/>\n&#8211; rhythmusorientiert (am Anfang war der &#8222;Groove&#8220;, besonders bei Titeln von Knut Jens)<br \/>\n&#8211; melodieorientiert (l\u00e4ngere Melodieb\u00f6gen oder kurze &#8222;Riffs&#8220; als Bausteine) oder<br \/>\n&#8211; harmonieorientiert (charakteristische Harmoniefolge als Kristallisationspunkt der St\u00fccke)<\/p>\n<p>Letztlich ist erst bei gelungener Verzahnung der 3 Elemente ein originelles Ergebnis zu erwarten. So wurden die individuellen Ideen (z.B. von Knut Jens, J\u00f6rg Kleine-Tebbe oder Wolfgang M\u00fcller) anschlie\u00dfend gemeinsam ver\u00e4ndert und arrangiert. Manche St\u00fccke habe sich dabei im Laufe der Zeit erheblich ver\u00e4ndert; das betraf vor allem den Rhythmus <\/p>\n<p>F\u00fcr die Kompositionen galt: Melodien durften wiedererkennbar sein. Zischen Unisono und Polyphonie konnte alles passieren. Harmonisch war ebenfalls alles erlaubt, solange es spielbar war. Die Grenzen spielten sich eher im Kopf ab.<\/p>\n","protected":false},"excerpt":{"rendered":"<p>Grunds\u00e4tzliche Gedanken ber\u00fchren sowohl die Entstehung als auch die gemeinsame Auff\u00fchrung der musikalischen Ergebnisse: ROZZ war sicher keine Konzeptband, sondern eher eine Labor f\u00fcr gemeinsame realisierte musikalische Ideen. Die Vorlieben der beteiligten Musiker f\u00fcr bestimmte Stilrichtungen bildeten den Rahmen f\u00fcr das erarbeitete Programm. Dabei waren die Einfl\u00fcsse vom Zeitgeist gepr\u00e4gt: Rock, Jazz, Funk, Latin und [&hellip;]<\/p>\n","protected":false},"author":2,"featured_media":0,"parent":0,"menu_order":4,"comment_status":"open","ping_status":"closed","template":"","meta":{"ngg_post_thumbnail":0,"footnotes":""},"class_list":["post-110","page","type-page","status-publish","hentry"],"_links":{"self":[{"href":"https:\/\/rozz-berlin.de\/index.php\/wp-json\/wp\/v2\/pages\/110","targetHints":{"allow":["GET"]}}],"collection":[{"href":"https:\/\/rozz-berlin.de\/index.php\/wp-json\/wp\/v2\/pages"}],"about":[{"href":"https:\/\/rozz-berlin.de\/index.php\/wp-json\/wp\/v2\/types\/page"}],"author":[{"embeddable":true,"href":"https:\/\/rozz-berlin.de\/index.php\/wp-json\/wp\/v2\/users\/2"}],"replies":[{"embeddable":true,"href":"https:\/\/rozz-berlin.de\/index.php\/wp-json\/wp\/v2\/comments?post=110"}],"version-history":[{"count":8,"href":"https:\/\/rozz-berlin.de\/index.php\/wp-json\/wp\/v2\/pages\/110\/revisions"}],"predecessor-version":[{"id":675,"href":"https:\/\/rozz-berlin.de\/index.php\/wp-json\/wp\/v2\/pages\/110\/revisions\/675"}],"wp:attachment":[{"href":"https:\/\/rozz-berlin.de\/index.php\/wp-json\/wp\/v2\/media?parent=110"}],"curies":[{"name":"wp","href":"https:\/\/api.w.org\/{rel}","templated":true}]}}