{"id":13,"date":"2009-06-05T20:10:30","date_gmt":"2009-06-05T18:10:30","guid":{"rendered":"http:\/\/www.allergie-experten.de\/wordpress\/?page_id=13"},"modified":"2018-11-26T00:54:02","modified_gmt":"2018-11-25T22:54:02","slug":"rozz-sounds","status":"publish","type":"page","link":"https:\/\/rozz-berlin.de\/index.php\/rozz-sounds","title":{"rendered":"ROZZ Sounds"},"content":{"rendered":"<div>\n<p>Einige Musikbeispiele von ROZZ wurden als mp3-Dateien aufbereitet.<\/p>\n<p><script src=\"https:\/\/rozz-berlin.de\/wp-content\/themes\/rozz\/js\/mediaplayer\/swfobject.js\" type=\"text\/javascript\"><\/script><\/p>\n<h3>&#8222;44&#8220; (Knut Jens):<\/h3>\n<p id=\"sound1\"><a href=\"https:\/\/rozz-berlin.de\/wp-content\/audio\/44 (Knut Jens).mp3\" target=\"_blank\" rel=\"noopener\">Download<\/a><\/p>\n<h3>Ballade XYZ (J\u00f6rg Kleine-Tebbe):<\/h3>\n<p id=\"sound2\"><a href=\"https:\/\/rozz-berlin.de\/wp-content\/audio\/Ballade XYZ (Joerg Kleine-Tebbe).mp3\" target=\"_blank\" rel=\"noopener\">Download<\/a><\/p>\n<h3>Birdland (JoeZawinul):<\/h3>\n<p id=\"sound3\"><a href=\"https:\/\/rozz-berlin.de\/wp-content\/audio\/Birdland (JoeZawinul).mp3\" target=\"_blank\" rel=\"noopener\">Download<\/a><\/p>\n<h3>Boogie Nr. 2 (Knut Jens)<\/h3>\n<p id=\"sound7\"><a href=\"https:\/\/rozz-berlin.de\/wp-content\/audio\/Boogie Nr. 2 (Knut Jens).mp3\" target=\"_blank\" rel=\"noopener\">Download<\/a><\/p>\n<h3>Einmarsch der Elefanten (Knut Jens)<\/h3>\n<p id=\"sound8\"><a href=\"https:\/\/rozz-berlin.de\/wp-content\/audio\/Einmarsch der Elefanten (Knut Jens).mp3\" target=\"_blank\" rel=\"noopener\">Download<\/a><\/p>\n<h3>Et\u00fcde f\u00fcr 4-h\u00e4ndige Pianisten (Knut Jens)<\/h3>\n<p id=\"sound9\"><a href=\"https:\/\/rozz-berlin.de\/wp-content\/audio\/Etuede fuer 4-haendige Pianisten (Knut Jens).mp3\" target=\"_blank\" rel=\"noopener\">Download<\/a><\/p>\n<h3>Funkenstein Junior (J\u00f6rg Kleine-Tebbe):<\/h3>\n<p id=\"sound4\"><a href=\"https:\/\/rozz-berlin.de\/wp-content\/audio\/Funkenstein Junior (Joerg Kleine-Tebbe).mp3\" target=\"_blank\" rel=\"noopener\">Download<\/a><\/p>\n<h3>In the Mood (Glen Miller):<\/h3>\n<p id=\"sound5\"><a href=\"https:\/\/rozz-berlin.de\/wp-content\/audio\/In the Mood (Glen Miller).mp3\" target=\"_blank\" rel=\"noopener\">Download<\/a><\/p>\n<h3>Intro NEU (Wolfgang M\u00fcller):<\/h3>\n<p id=\"sound6\"><a href=\"https:\/\/rozz-berlin.de\/wp-content\/audio\/Intro NEU (Wolfgang Mueller).mp3\" target=\"_blank\" rel=\"noopener\">Download<\/a><\/p>\n<h3>R\u00fcckblick (Knut Jens)<\/h3>\n<p id=\"sound10\"><a href=\"https:\/\/rozz-berlin.de\/wp-content\/audio\/Rueckblick (Knut Jens).mp3\" target=\"_blank\" rel=\"noopener\">Download<\/a><\/p>\n<h3>Some Krank Funk (J\u00f6rg Kleine-Tebbe)<\/h3>\n<p id=\"sound11\"><a href=\"https:\/\/rozz-berlin.de\/wp-content\/audio\/Some Krank Funk (Joerg Kleine-Tebbe).mp3\" target=\"_blank\" rel=\"noopener\">Download<\/a><\/p>\n<h3>Swing Tanzen verboten (Knut Jens)<\/h3>\n<p id=\"sound12\"><a href=\"https:\/\/rozz-berlin.de\/wp-content\/audio\/Swing Tanzen verboten (Knut Jens).mp3\" target=\"_blank\" rel=\"noopener\">Download<\/a><\/p>\n<p><script type=\"text\/javascript\">\nvar s1 = new SWFObject('https:\/\/rozz-berlin.de\/wp-content\/themes\/rozz\/js\/mediaplayer\/player.swf','player','400','18','9'); s1.addParam('allowfullscreen','false'); \ns1.addParam('allowscriptaccess','always'); \ns1.addParam('flashvars','file=https:\/\/rozz-berlin.de\/wp-content\/audio\/44 (Knut Jens).mp3'); \ns1.write('sound1');\n<\/script><br \/>\n<script type=\"text\/javascript\">\nvar s2 = new SWFObject('https:\/\/rozz-berlin.de\/wp-content\/themes\/rozz\/js\/mediaplayer\/player.swf','player','400','18','9'); s2.addParam('allowfullscreen','false');\ns2.addParam('allowscriptaccess','always'); \ns2.addParam('flashvars','file=https:\/\/rozz-berlin.de\/wp-content\/audio\/Ballade XYZ (Joerg Kleine-Tebbe).mp3'); \ns2.write('sound2');\n<\/script><br \/>\n<script type=\"text\/javascript\">\nvar s3 = new SWFObject('https:\/\/rozz-berlin.de\/wp-content\/themes\/rozz\/js\/mediaplayer\/player.swf','player','400','18','9'); s3.addParam('allowfullscreen','false'); \ns3.addParam('allowscriptaccess','always'); \ns3.addParam('flashvars','file=https:\/\/rozz-berlin.de\/wp-content\/audio\/Birdland (JoeZawinul).mp3'); \ns3.write('sound3');\n<\/script><br \/>\n<script type=\"text\/javascript\">\nvar s3 = new SWFObject('https:\/\/rozz-berlin.de\/wp-content\/themes\/rozz\/js\/mediaplayer\/player.swf','player','400','18','9'); s3.addParam('allowfullscreen','false'); \ns3.addParam('allowscriptaccess','always'); \ns3.addParam('flashvars','file=https:\/\/rozz-berlin.de\/wp-content\/audio\/Funkenstein Junior (Joerg Kleine-Tebbe).mp3'); \ns3.write('sound4');\n<\/script><br \/>\n<script type=\"text\/javascript\">\nvar s3 = new SWFObject('https:\/\/rozz-berlin.de\/wp-content\/themes\/rozz\/js\/mediaplayer\/player.swf','player','400','18','9'); s3.addParam('allowfullscreen','false'); \ns3.addParam('allowscriptaccess','always'); \ns3.addParam('flashvars','file=https:\/\/rozz-berlin.de\/wp-content\/audio\/In the Mood (Glen Miller).mp3'); \ns3.write('sound5');\n<\/script><br \/>\n<script type=\"text\/javascript\">\nvar s3 = new SWFObject('https:\/\/rozz-berlin.de\/wp-content\/themes\/rozz\/js\/mediaplayer\/player.swf','player','400','18','9'); s3.addParam('allowfullscreen','false'); \ns3.addParam('allowscriptaccess','always'); \ns3.addParam('flashvars','file=https:\/\/rozz-berlin.de\/wp-content\/audio\/Intro NEU (Wolfgang Mueller).mp3'); \ns3.write('sound6');\n<\/script><br \/>\n<script type=\"text\/javascript\">\nvar s3 = new SWFObject('https:\/\/rozz-berlin.de\/wp-content\/themes\/rozz\/js\/mediaplayer\/player.swf','player','400','18','9'); s3.addParam('allowfullscreen','false'); \ns3.addParam('allowscriptaccess','always'); \ns3.addParam('flashvars','file=https:\/\/rozz-berlin.de\/wp-content\/audio\/Boogie Nr. 2 (Knut Jens).mp3'); \ns3.write('sound7');\n<\/script><br \/>\n<script type=\"text\/javascript\">\nvar s3 = new SWFObject('https:\/\/rozz-berlin.de\/wp-content\/themes\/rozz\/js\/mediaplayer\/player.swf','player','400','18','9'); s3.addParam('allowfullscreen','false'); \ns3.addParam('allowscriptaccess','always'); \ns3.addParam('flashvars','file=https:\/\/rozz-berlin.de\/wp-content\/audio\/Einmarsch der Elefanten (Knut Jens).mp3'); \ns3.write('sound8');\n<\/script><br \/>\n<script type=\"text\/javascript\">\nvar s3 = new SWFObject('https:\/\/rozz-berlin.de\/wp-content\/themes\/rozz\/js\/mediaplayer\/player.swf','player','400','18','9'); s3.addParam('allowfullscreen','false'); \ns3.addParam('allowscriptaccess','always'); \ns3.addParam('flashvars','file=https:\/\/rozz-berlin.de\/wp-content\/audio\/Etuede fuer 4-haendige Pianisten (Knut Jens).mp3'); \ns3.write('sound9');\n<\/script><br \/>\n<script type=\"text\/javascript\">\nvar s3 = new SWFObject('https:\/\/rozz-berlin.de\/wp-content\/themes\/rozz\/js\/mediaplayer\/player.swf','player','400','18','9'); s3.addParam('allowfullscreen','false'); \ns3.addParam('allowscriptaccess','always'); \ns3.addParam('flashvars','file=https:\/\/rozz-berlin.de\/wp-content\/audio\/Rueckblick (Knut Jens).mp3'); \ns3.write('sound10');\n<\/script><br \/>\n<script type=\"text\/javascript\">\nvar s3 = new SWFObject('https:\/\/rozz-berlin.de\/wp-content\/themes\/rozz\/js\/mediaplayer\/player.swf','player','400','18','9'); s3.addParam('allowfullscreen','false'); \ns3.addParam('allowscriptaccess','always'); \ns3.addParam('flashvars','file=https:\/\/rozz-berlin.de\/wp-content\/audio\/Some Krank Funk (Joerg Kleine-Tebbe).mp3'); \ns3.write('sound11');\n<\/script><br \/>\n<script type=\"text\/javascript\">\nvar s3 = new SWFObject('https:\/\/rozz-berlin.de\/wp-content\/themes\/rozz\/js\/mediaplayer\/player.swf','player','400','18','9'); s3.addParam('allowfullscreen','false'); \ns3.addParam('allowscriptaccess','always'); \ns3.addParam('flashvars','file=https:\/\/rozz-berlin.de\/wp-content\/audio\/Swing Tanzen verboten (Knut Jens).mp3'); \ns3.write('sound12');\n<\/script><\/p>\n<\/div>\n","protected":false},"excerpt":{"rendered":"<p>Einige Musikbeispiele von ROZZ wurden als mp3-Dateien aufbereitet. &#8222;44&#8220; (Knut Jens): Download Ballade XYZ (J\u00f6rg Kleine-Tebbe): Download Birdland (JoeZawinul): Download Boogie Nr. 2 (Knut Jens) Download Einmarsch der Elefanten (Knut Jens) Download Et\u00fcde f\u00fcr 4-h\u00e4ndige Pianisten (Knut Jens) Download Funkenstein Junior (J\u00f6rg Kleine-Tebbe): Download In the Mood (Glen Miller): Download Intro NEU (Wolfgang M\u00fcller): Download [&hellip;]<\/p>\n","protected":false},"author":2,"featured_media":0,"parent":0,"menu_order":7,"comment_status":"closed","ping_status":"closed","template":"","meta":{"ngg_post_thumbnail":0,"footnotes":""},"class_list":["post-13","page","type-page","status-publish","hentry"],"_links":{"self":[{"href":"https:\/\/rozz-berlin.de\/index.php\/wp-json\/wp\/v2\/pages\/13","targetHints":{"allow":["GET"]}}],"collection":[{"href":"https:\/\/rozz-berlin.de\/index.php\/wp-json\/wp\/v2\/pages"}],"about":[{"href":"https:\/\/rozz-berlin.de\/index.php\/wp-json\/wp\/v2\/types\/page"}],"author":[{"embeddable":true,"href":"https:\/\/rozz-berlin.de\/index.php\/wp-json\/wp\/v2\/users\/2"}],"replies":[{"embeddable":true,"href":"https:\/\/rozz-berlin.de\/index.php\/wp-json\/wp\/v2\/comments?post=13"}],"version-history":[{"count":69,"href":"https:\/\/rozz-berlin.de\/index.php\/wp-json\/wp\/v2\/pages\/13\/revisions"}],"predecessor-version":[{"id":765,"href":"https:\/\/rozz-berlin.de\/index.php\/wp-json\/wp\/v2\/pages\/13\/revisions\/765"}],"wp:attachment":[{"href":"https:\/\/rozz-berlin.de\/index.php\/wp-json\/wp\/v2\/media?parent=13"}],"curies":[{"name":"wp","href":"https:\/\/api.w.org\/{rel}","templated":true}]}}