{"id":15,"date":"2009-06-05T20:10:40","date_gmt":"2009-06-05T18:10:40","guid":{"rendered":"http:\/\/www.allergie-experten.de\/wordpress\/?page_id=15"},"modified":"2010-01-19T08:58:41","modified_gmt":"2010-01-19T06:58:41","slug":"rozz-cd-live-1983","status":"publish","type":"page","link":"https:\/\/rozz-berlin.de\/index.php\/rozz-cd-live-1983","title":{"rendered":"ROZZ Live-CD 1983"},"content":{"rendered":"<div>\n<p>Das Tonstudio \u201eUlli Weigel&#8220; in Berlin schlug 1983 einen Mitschnitt eines kompletten Live-Konzertes von ROZZ vor. Die M\u00f6glichkeit der mobilen Mehrspuraufnahme auf klassischen 24-Spur-Tonb\u00e4ndern er\u00f6ffnete neue Chancen: Ein lebendiges Konzert von ROZZ zu konservieren &#8211; abseits vom \u201esterilen Studiosound&#8220; der bereits ver\u00f6ffentlichten LPs &#8211; und anschlie\u00dfend das Produkt einer Plattenfirma f\u00fcr den Vertrieb anzubieten!<\/p>\n<p>Der Auftritt von ROZZ im Quasimodo in Berlin-Charlottenburg am 18.05.1983 bot den geeigneten Rahmen, zumal die Band mit 3 professionellen Bl\u00e4sern (Frank L\u00fcdecke\/sax, Herbie H. Hart\/sax und J\u00fcrgen Scheele\/tr) und 5j\u00e4hrigem Bandjubil\u00e4um zu dem Zeitpunkt hervorragend eingespielt war (<a href=\"https:\/\/rozz-berlin.de\/index.php\/rozz-sounds\" target=\"_self\">Horchprobe<\/a>).<\/p>\n<div><a href=\"https:\/\/rozz-berlin.de\/wp-content\/uploads\/2009\/06\/DSCF3520.jpg\"><img loading=\"lazy\" decoding=\"async\" class=\"alignleft size-medium wp-image-509\" title=\"DSCF3520\" src=\"https:\/\/rozz-berlin.de\/wp-content\/uploads\/2009\/06\/DSCF3520-220x154.jpg\" alt=\"DSCF3520\" width=\"220\" height=\"154\" srcset=\"https:\/\/rozz-berlin.de\/wp-content\/uploads\/2009\/06\/DSCF3520-220x154.jpg 220w, https:\/\/rozz-berlin.de\/wp-content\/uploads\/2009\/06\/DSCF3520-100x70.jpg 100w, https:\/\/rozz-berlin.de\/wp-content\/uploads\/2009\/06\/DSCF3520.jpg 500w\" sizes=\"auto, (max-width: 220px) 100vw, 220px\" \/><\/a>Foto (von li. nach re.): Frank L\u00fcdeke, Knut Jens, Wolfgang M\u00fcller, Chuck Purrington, Herbie H Hart, J\u00f6rg Kleine-Tebbe und Christian Brandt am Paul-Linke-Ufer, Berlin-Kreuzberg ca. 1983<\/div>\n<p>Es kam schlie\u00dflich anders. Zweifel am Konzept, der Wunsch mit Gesang zu arbeiten und eine gewisse Erm\u00fcdung durch den gr\u00f6\u00dfer werdenden Apparat bahnten die Entscheidung: Der erste (professionelle) Live-Mitschnitt wurde schlie\u00dflich vom letzten (offiziellen) Konzert von ROZZ gezogen.<\/p>\n<p><a href=\"https:\/\/rozz-berlin.de\/wp-content\/uploads\/2009\/06\/DSCF3515.jpg\"><img loading=\"lazy\" decoding=\"async\" class=\"alignleft size-medium wp-image-506\" title=\"DSCF3515\" src=\"https:\/\/rozz-berlin.de\/wp-content\/uploads\/2009\/06\/DSCF3515-220x293.jpg\" alt=\"DSCF3515\" width=\"220\" height=\"293\" srcset=\"https:\/\/rozz-berlin.de\/wp-content\/uploads\/2009\/06\/DSCF3515-220x293.jpg 220w, https:\/\/rozz-berlin.de\/wp-content\/uploads\/2009\/06\/DSCF3515-100x133.jpg 100w, https:\/\/rozz-berlin.de\/wp-content\/uploads\/2009\/06\/DSCF3515.jpg 500w\" sizes=\"auto, (max-width: 220px) 100vw, 220px\" \/><\/a><\/p>\n<p>Die 1. Mischung von \u201eUlli Weigels Tonstudio&#8220; wurde nie endg\u00fcltig fertiggestellt &#8211; vertragliche Unstimmigkeiten und das liebe Geld waren Schuld. Die Original-24-Spur-B\u00e4nder galten lange als verschollen. Erst im neuen Jahrtausend tauchten sie wieder auf. Gut erhalten konnten die Aufnahmen von ROZZ 1983 komplett digitalisiert, neu gemischt und gemastert werden. Die 2. Mischung von Hendrik Bertram (Musiker, Bassist, S\u00e4nger u. Multiinstrumentalist, Betreiber eines kompakten Tonstudios in Leipzig, Tel. 0341-9128911; <a href=\"http:\/\/www.myspace.com\/hendrikbertram\" target=\"_blank\">http:\/\/www.myspace.com\/hendrikbertram<\/a>; hendrikbertram@gmx.net) hat die Live-Atmosph\u00e4re perfekt eingefangen (<a href=\"https:\/\/rozz-berlin.de\/index.php\/rozz-sounds\">H\u00f6rproben als mp3-Dateien<\/a>). ROZZ wie eh und je.<\/p>\n<p>CD-Titelliste von ROZZ \u201cLive im Quasimodo\u201d Berlin 1983:<br \/>\n1. R\u00fcckblick (Knut Jens) 5:36<br \/>\n2. Funkenstein Junior (J\u00f6rg Kleine-Tebbe) 8:34<br \/>\n3. Some Krank Funk (J\u00f6rg Kleine-Tebbe) 3:58<br \/>\n4. Swing Tanzen verboten (Knut Jens) 5:17<br \/>\n5. Ballade J\u00f6rg Kleine-Tebbe) 7:17<br \/>\n6. In the Mood (Joe Garland, Arr.: Knut Jens) 2:40<br \/>\n7. Intro NEU (Wolfgang M\u00fcller) 5:16<br \/>\n8. Boogie Nr. 2 (Knut Jens) 4:01<br \/>\n9. Et\u00fcde f\u00fcr vierh\u00e4ndigen Pianisten (Knut Jens) 6:47<br \/>\n10. Einmarsch der Elefanten (Knut Jens) 4:27<br \/>\n11. &#8220;44&#8220; (Knut Jens) 4:26<br \/>\n12. Birdland (Joe Zawinul, Arr.: J\u00f6rg Kleine-Tebbe) 6:00<br \/>\n13. Madow um halb zwei (J\u00f6rg Kleine-Tebbe) 9:46<\/p>\n<div id=\"attachment_727\" style=\"width: 110px\" class=\"wp-caption aligncenter\"><a href=\"https:\/\/rozz-berlin.de\/wp-content\/uploads\/2009\/06\/cd-booklet1.jpg\"><img loading=\"lazy\" decoding=\"async\" aria-describedby=\"caption-attachment-727\" class=\"size-thumbnail wp-image-727\" title=\"ROZZ Live-CD Booklet aussen\" src=\"https:\/\/rozz-berlin.de\/wp-content\/uploads\/2009\/06\/cd-booklet1-100x48.jpg\" alt=\"ROZZ Live-CD Booklet aussen\" width=\"100\" height=\"48\" srcset=\"https:\/\/rozz-berlin.de\/wp-content\/uploads\/2009\/06\/cd-booklet1-100x48.jpg 100w, https:\/\/rozz-berlin.de\/wp-content\/uploads\/2009\/06\/cd-booklet1-220x106.jpg 220w, https:\/\/rozz-berlin.de\/wp-content\/uploads\/2009\/06\/cd-booklet1.jpg 473w\" sizes=\"auto, (max-width: 100px) 100vw, 100px\" \/><\/a><p id=\"caption-attachment-727\" class=\"wp-caption-text\">ROZZ Live-CD Booklet aussen<\/p><\/div>\n<div id=\"attachment_728\" style=\"width: 110px\" class=\"wp-caption aligncenter\"><a href=\"https:\/\/rozz-berlin.de\/wp-content\/uploads\/2009\/06\/cd-booklet2.jpg\"><img loading=\"lazy\" decoding=\"async\" aria-describedby=\"caption-attachment-728\" class=\"size-thumbnail wp-image-728\" title=\"ROZZ Live-CD Booklet innen\" src=\"https:\/\/rozz-berlin.de\/wp-content\/uploads\/2009\/06\/cd-booklet2-100x48.jpg\" alt=\"ROZZ Live-CD Booklet innen\" width=\"100\" height=\"48\" srcset=\"https:\/\/rozz-berlin.de\/wp-content\/uploads\/2009\/06\/cd-booklet2-100x48.jpg 100w, https:\/\/rozz-berlin.de\/wp-content\/uploads\/2009\/06\/cd-booklet2-220x106.jpg 220w, https:\/\/rozz-berlin.de\/wp-content\/uploads\/2009\/06\/cd-booklet2.jpg 473w\" sizes=\"auto, (max-width: 100px) 100vw, 100px\" \/><\/a><p id=\"caption-attachment-728\" class=\"wp-caption-text\">ROZZ Live-CD Booklet innen<\/p><\/div>\n<p><a href=\"https:\/\/rozz-berlin.de\/wp-content\/uploads\/2009\/06\/CD_ROZZliveGrafik11-09.pdf\">CD_ROZZliveGrafik11-09<\/a>.pdf<\/p>\n<p>Die Aufnahmen von ROZZ Live im QUASIMODO 1983 liegen seit Dezember 2009 als CD vor (Label: NOGGOZZ \/ LC 03464 \/ GEMA).<\/p>\n<p>Das <a href=\"http:\/\/www.ufafabrik.de\/de\/nav.php?pid=calender&amp;op=details&amp;eid=736&amp;back=calender&amp;bid=a11\" target=\"_blank\">Jubil\u00e4umskonzert am 04. u. 05.12.2009 im Doppelpack mit der Band RIFF<\/a> war der richtige Rahmen, um sie der \u00d6ffentlichkeit zu pr\u00e4sentieren.<\/p>\n<p>Vertrieb: <strong>mmwannsee@web.de<\/strong><\/p>\n<p>Preis pro CD <strong>14,90 EUR<\/strong><\/p>\n<p>(11,90 EUR zzgl. Versandkosten 3,00 EUR innerhalb der EU)<\/p>\n<p>Zahlung nur per<strong> Vorkasse<\/strong>!<br \/>\nBestellung bitte per E-Mail mit dem Betreff: <strong>ROZZ Live-CD<\/strong><\/div>\n","protected":false},"excerpt":{"rendered":"<p>Das Tonstudio \u201eUlli Weigel&#8220; in Berlin schlug 1983 einen Mitschnitt eines kompletten Live-Konzertes von ROZZ vor. Die M\u00f6glichkeit der mobilen Mehrspuraufnahme auf klassischen 24-Spur-Tonb\u00e4ndern er\u00f6ffnete neue Chancen: Ein lebendiges Konzert von ROZZ zu konservieren &#8211; abseits vom \u201esterilen Studiosound&#8220; der bereits ver\u00f6ffentlichten LPs &#8211; und anschlie\u00dfend das Produkt einer Plattenfirma f\u00fcr den Vertrieb anzubieten! Der [&hellip;]<\/p>\n","protected":false},"author":2,"featured_media":0,"parent":0,"menu_order":9,"comment_status":"closed","ping_status":"closed","template":"","meta":{"ngg_post_thumbnail":0,"footnotes":""},"class_list":["post-15","page","type-page","status-publish","hentry"],"_links":{"self":[{"href":"https:\/\/rozz-berlin.de\/index.php\/wp-json\/wp\/v2\/pages\/15","targetHints":{"allow":["GET"]}}],"collection":[{"href":"https:\/\/rozz-berlin.de\/index.php\/wp-json\/wp\/v2\/pages"}],"about":[{"href":"https:\/\/rozz-berlin.de\/index.php\/wp-json\/wp\/v2\/types\/page"}],"author":[{"embeddable":true,"href":"https:\/\/rozz-berlin.de\/index.php\/wp-json\/wp\/v2\/users\/2"}],"replies":[{"embeddable":true,"href":"https:\/\/rozz-berlin.de\/index.php\/wp-json\/wp\/v2\/comments?post=15"}],"version-history":[{"count":34,"href":"https:\/\/rozz-berlin.de\/index.php\/wp-json\/wp\/v2\/pages\/15\/revisions"}],"predecessor-version":[{"id":165,"href":"https:\/\/rozz-berlin.de\/index.php\/wp-json\/wp\/v2\/pages\/15\/revisions\/165"}],"wp:attachment":[{"href":"https:\/\/rozz-berlin.de\/index.php\/wp-json\/wp\/v2\/media?parent=15"}],"curies":[{"name":"wp","href":"https:\/\/api.w.org\/{rel}","templated":true}]}}