{"id":276,"date":"2009-09-14T20:05:04","date_gmt":"2009-09-14T18:05:04","guid":{"rendered":"http:\/\/www.rozz-berlin.de\/?page_id=276"},"modified":"2009-12-02T11:10:24","modified_gmt":"2009-12-02T09:10:24","slug":"reiner-pruchnik","status":"publish","type":"page","link":"https:\/\/rozz-berlin.de\/index.php\/rozz-freunde\/reiner-pruchnik","title":{"rendered":"Reiner Pruchnik"},"content":{"rendered":"<p><img loading=\"lazy\" decoding=\"async\" class=\"alignnone size-thumbnail wp-image-417\" title=\"Reiner Pruchnik\" src=\"https:\/\/rozz-berlin.de\/wp-content\/uploads\/2009\/09\/RPruchnik-klein-100x131.png\" alt=\"Reiner Pruchnik\" width=\"100\" height=\"131\" srcset=\"https:\/\/rozz-berlin.de\/wp-content\/uploads\/2009\/09\/RPruchnik-klein-100x131.png 100w, https:\/\/rozz-berlin.de\/wp-content\/uploads\/2009\/09\/RPruchnik-klein-220x289.png 220w, https:\/\/rozz-berlin.de\/wp-content\/uploads\/2009\/09\/RPruchnik-klein.png 239w\" sizes=\"auto, (max-width: 100px) 100vw, 100px\" \/><\/p>\n<p>Geboren im Sommer 1956 in Berlin Neuk\u00f6lln-Nord<br \/>\nund bis heute im Bezirk arbeitend \u2013 als Kitaleiter &#8211; und wohnend!!<\/p>\n<p>W\u00e4hrend der Schulzeit ca. <strong>1972<\/strong> Beginn des Musikerlebens als Gitarrist in einer gemeinsamen Schulband mit <a href=\"https:\/\/rozz-berlin.de\/index.php\/rozz-musiker\/wolfgang-muller-2\" target=\"_self\">Wolfgang M\u00fcller<\/a>.<\/p>\n<p>Von <strong>1978 &#8211; 1983<\/strong> Live-Mixer, Fahrer, Stage-Manager, Fotograf (!! der Webmaster) und Mann f\u00fcr alle F\u00e4lle  bei ROZZ.<\/p>\n<p>Seit <strong>1979<\/strong> spiele ich Saxophon, haupts\u00e4chlich Altsaxophon aber auch Sopran und setze mich mit Jazzmusik auseinander.<\/p>\n<p>Im selben Jahr Gr\u00fcndung der Jazz-Band ANZIO, welche bis heute meine musikalische Heimat ist.<\/p>\n<p>Von <strong>1982<\/strong> Mitglied in diversen Berliner Bands \u2013 Trance Faire  &#8211;  Muuv &#8211;<br \/>\nZam Johnssons \u201eWhy Not Orchestra\u201c  &#8211;  Chameleon  &#8211;   Babidubasa  &#8211;  Leaves in the wind.<\/p>\n<p>Mitwirkung an einigen Studioaufnahmen und Projekten.<\/p>\n<p>Aktuell spiele ich immer noch in \u201emeiner\u201c  Band <strong>ANZIO <\/strong> und bin ein Teil des Akustik-Rock Duos  <strong>Fourflusher <\/strong>mit meinem Freund und S\u00e4nger\/Gitarrist Lutz Butenhoff .<\/p>\n","protected":false},"excerpt":{"rendered":"<p>Geboren im Sommer 1956 in Berlin Neuk\u00f6lln-Nord und bis heute im Bezirk arbeitend \u2013 als Kitaleiter &#8211; und wohnend!! W\u00e4hrend der Schulzeit ca. 1972 Beginn des Musikerlebens als Gitarrist in einer gemeinsamen Schulband mit Wolfgang M\u00fcller. Von 1978 &#8211; 1983 Live-Mixer, Fahrer, Stage-Manager, Fotograf (!! der Webmaster) und Mann f\u00fcr alle F\u00e4lle bei ROZZ. Seit [&hellip;]<\/p>\n","protected":false},"author":2,"featured_media":0,"parent":168,"menu_order":3,"comment_status":"open","ping_status":"closed","template":"","meta":{"ngg_post_thumbnail":0,"footnotes":""},"class_list":["post-276","page","type-page","status-publish","hentry"],"_links":{"self":[{"href":"https:\/\/rozz-berlin.de\/index.php\/wp-json\/wp\/v2\/pages\/276","targetHints":{"allow":["GET"]}}],"collection":[{"href":"https:\/\/rozz-berlin.de\/index.php\/wp-json\/wp\/v2\/pages"}],"about":[{"href":"https:\/\/rozz-berlin.de\/index.php\/wp-json\/wp\/v2\/types\/page"}],"author":[{"embeddable":true,"href":"https:\/\/rozz-berlin.de\/index.php\/wp-json\/wp\/v2\/users\/2"}],"replies":[{"embeddable":true,"href":"https:\/\/rozz-berlin.de\/index.php\/wp-json\/wp\/v2\/comments?post=276"}],"version-history":[{"count":11,"href":"https:\/\/rozz-berlin.de\/index.php\/wp-json\/wp\/v2\/pages\/276\/revisions"}],"predecessor-version":[{"id":704,"href":"https:\/\/rozz-berlin.de\/index.php\/wp-json\/wp\/v2\/pages\/276\/revisions\/704"}],"up":[{"embeddable":true,"href":"https:\/\/rozz-berlin.de\/index.php\/wp-json\/wp\/v2\/pages\/168"}],"wp:attachment":[{"href":"https:\/\/rozz-berlin.de\/index.php\/wp-json\/wp\/v2\/media?parent=276"}],"curies":[{"name":"wp","href":"https:\/\/api.w.org\/{rel}","templated":true}]}}