{"id":57,"date":"2009-08-15T19:48:32","date_gmt":"2009-08-15T17:48:32","guid":{"rendered":"http:\/\/www.allergie-experten.de\/wordpress\/?page_id=57"},"modified":"2009-10-14T11:14:17","modified_gmt":"2009-10-14T09:14:17","slug":"wolfgang-muller-2","status":"publish","type":"page","link":"https:\/\/rozz-berlin.de\/index.php\/rozz-musiker\/wolfgang-muller-2","title":{"rendered":"Wolfgang M\u00fcller"},"content":{"rendered":"<p><img loading=\"lazy\" decoding=\"async\" class=\"alignnone size-thumbnail wp-image-406\" title=\"Wolfgang M\u00fcller\" src=\"https:\/\/rozz-berlin.de\/wp-content\/uploads\/2009\/08\/WM\u00fcller-klein-100x141.png\" alt=\"Wolfgang M\u00fcller\" width=\"100\" height=\"141\" srcset=\"https:\/\/rozz-berlin.de\/wp-content\/uploads\/2009\/08\/WM\u00fcller-klein-100x141.png 100w, https:\/\/rozz-berlin.de\/wp-content\/uploads\/2009\/08\/WM\u00fcller-klein-220x310.png 220w, https:\/\/rozz-berlin.de\/wp-content\/uploads\/2009\/08\/WM\u00fcller-klein.png 277w\" sizes=\"auto, (max-width: 100px) 100vw, 100px\" \/><br \/>\nIch wurde am 3.10.1955 in Berlin geboren.<\/p>\n<p>Nach dem \u00fcblichen schulischen Werdegang (Grundschule, Oberschule, Studium), viele Jahre lang Lehrauftr\u00e4ge im Fachbereich Medienp\u00e4dagogik an der Fachhochschule f\u00fcr Sozialarbeit\/p\u00e4d.<br \/>\nSeit meinem 16. Lebensjahr praktizierender Musiker (Gitarre) im Bereich U- Musik.<\/p>\n<p>1979 Preistr\u00e4ger der Deutschen Phonoakademie mit der Band ROZZ. Beste Gruppe im Bereich Jazz. Seit diesem Zeitpunkt als Profimusiker vielf\u00e4ltig t\u00e4tig.<\/p>\n<p>Es folgten diverse Plattenver\u00f6ffentlichungen, T\u00e4tigkeit als Studiomusiker f\u00fcr verschiedenste Produktionen, zahlreiche B\u00fchnen- und Fernsehauftritte bis hin zu schauspielerischen Aufgaben bei Theaterauff\u00fchrungen mit Gastspielen in Staatstheatern (Greifswald, Stralsund, Bremen etc.).<\/p>\n<p>Seit 1980 kam es immer wieder zu enger und h\u00e4ufiger Zusammenarbeit mit den Mitarbeitern des Senats f\u00fcr Wissenschaft, Forschung und Kultur.<\/p>\n<p>Seit 18 Jahren Leiter des Tonstudios im &#8222;Kulturzentrum am Wartburgplatz&#8220;, &#8222;Die Wei\u00dfe Rose&#8220;, Martin-Luther-Str.77, 10825 Berlin. Das oben genannte Tonstudio geh\u00f6rt der Stadt Berlin, und wird vom Bezirksamt Tempelhof-Sch\u00f6neberg und dem Senator f\u00fcr Wissenschaft und Kulturelle Angelegenheiten unterhalten. Mein Aufgabenbereich umfasst die F\u00f6rderung und Weiterbildung junger, begabter Gruppen und Musiker mit dem Schwerpunkt elektronischer Musik (neben dem herk\u00f6mmlichen Instrumentarium).<\/p>\n<p>Meine derzeitige musikalische T\u00e4tigkeit konzentriert sich zur Zeit auf die Komposition eigener Musikst\u00fccke im Bereich der U- und E-Musik (Gitarre und Trautonium, www.trautonium.org).<\/p>\n<p>Seit Ende 1999 intensive Auseinandersetzung mit dem Trautonium. Im Jahr 2000 Fertigstellung meines ersten eigenen Instrumentes in Zusammenarbeit mit Dipl.Ing. J. Hiller, gefolgt von der Analyse und dem Erlernen der Spieltechnik des Instrumentes. 2002 folgte die Ver\u00f6ffentlichung einer ersten eigenen Komposition f\u00fcr Trautonium. Im Sommer 2003 erste kleine Auftritte mit meinem Mixturtrautonium beim Medienfest in der Wei\u00dfen Rose. Am 19. Oktober 2003 Konzert im Kulturglobus im Rahmen von Andr\u00e9 Hellers Globuskl\u00e4ngen: &#8222;Das Wunder des Trautoniums&#8220; mit Peter Ehlert und J\u00f6rg Kleine-Tebbe (Synthesizer R. V-Synth).<\/p>\n<p>Anl\u00e4sslich einer Festveranstaltung des Musikinstrumentenmuseums an der Berliner Philharmonie, zur offiziellen \u00dcbergabe im Dezember 2004 von O. Salas Mixturtrautonium an das Museum, hatte ich die Ehre ein kleines Konzert an O. Salas Instrument zu spielen. Mein eigenes Instrument diente als Begleitinstrument und wurde Peter Ehlert gespielt.<\/p>\n<p>Auftritt im Rahmen der Konzertreihe Werkstatt &#8222;Klangapparate&#8220;: Thilges Trautonium am 18.11.06 im Podewils&#8217;schen Palais\/Tesla, zusammen mit den K\u00fcnstlern Nik Hummer und Gammon aus Wien.<\/p>\n<p>01. und 02.03.07 &#8222;Subharmonische Kl\u00e4nge&#8220; zum 5. Todestag von O. Sala. Neue St\u00fccke f\u00fcr das Trautonium. Konzert f\u00fcr 2 Trautonien, Klavier und Percussion im Berliner Musikinstrumentenmuseum.<\/p>\n<p>03.06.07 Capitol-Kino Marburg, &#8222;Die V\u00f6gel&#8220; Live. Konzert, Demonstration und Vortrag zum Film.<\/p>\n","protected":false},"excerpt":{"rendered":"<p>Ich wurde am 3.10.1955 in Berlin geboren. Nach dem \u00fcblichen schulischen Werdegang (Grundschule, Oberschule, Studium), viele Jahre lang Lehrauftr\u00e4ge im Fachbereich Medienp\u00e4dagogik an der Fachhochschule f\u00fcr Sozialarbeit\/p\u00e4d. Seit meinem 16. Lebensjahr praktizierender Musiker (Gitarre) im Bereich U- Musik. 1979 Preistr\u00e4ger der Deutschen Phonoakademie mit der Band ROZZ. Beste Gruppe im Bereich Jazz. Seit diesem Zeitpunkt [&hellip;]<\/p>\n","protected":false},"author":2,"featured_media":0,"parent":5,"menu_order":5,"comment_status":"open","ping_status":"closed","template":"","meta":{"ngg_post_thumbnail":0,"footnotes":""},"class_list":["post-57","page","type-page","status-publish","hentry"],"_links":{"self":[{"href":"https:\/\/rozz-berlin.de\/index.php\/wp-json\/wp\/v2\/pages\/57","targetHints":{"allow":["GET"]}}],"collection":[{"href":"https:\/\/rozz-berlin.de\/index.php\/wp-json\/wp\/v2\/pages"}],"about":[{"href":"https:\/\/rozz-berlin.de\/index.php\/wp-json\/wp\/v2\/types\/page"}],"author":[{"embeddable":true,"href":"https:\/\/rozz-berlin.de\/index.php\/wp-json\/wp\/v2\/users\/2"}],"replies":[{"embeddable":true,"href":"https:\/\/rozz-berlin.de\/index.php\/wp-json\/wp\/v2\/comments?post=57"}],"version-history":[{"count":9,"href":"https:\/\/rozz-berlin.de\/index.php\/wp-json\/wp\/v2\/pages\/57\/revisions"}],"predecessor-version":[{"id":631,"href":"https:\/\/rozz-berlin.de\/index.php\/wp-json\/wp\/v2\/pages\/57\/revisions\/631"}],"up":[{"embeddable":true,"href":"https:\/\/rozz-berlin.de\/index.php\/wp-json\/wp\/v2\/pages\/5"}],"wp:attachment":[{"href":"https:\/\/rozz-berlin.de\/index.php\/wp-json\/wp\/v2\/media?parent=57"}],"curies":[{"name":"wp","href":"https:\/\/api.w.org\/{rel}","templated":true}]}}

Wolfgang Müller

<p><img loading="lazy" decoding="async" class="alignnone size-thumbnail wp-image-406" title="Wolfgang Müller" src="https://rozz-berlin.de/wp-content/uploads/2009/08/WMüller-klein-100x141.png" alt="Wolfgang Müller" width="100" height="141" srcset="https://rozz-berlin.de/wp-content/uploads/2009/08/WMüller-klein-100x141.png 100w, https://rozz-berlin.de/wp-content/uploads/2009/08/WMüller-klein-220x310.png 220w, https://rozz-berlin.de/wp-content/uploads/2009/08/WMüller-klein.png 277w" sizes="auto, (max-width: 100px) 100vw, 100px" /><br />
Ich wurde am 3.10.1955 in Berlin geboren.</p>
<p>Nach dem üblichen schulischen Werdegang (Grundschule, Oberschule, Studium), viele Jahre lang Lehraufträge im Fachbereich Medienpädagogik an der Fachhochschule für Sozialarbeit/päd.<br />
Seit meinem 16. Lebensjahr praktizierender Musiker (Gitarre) im Bereich U- Musik.</p>
<p>1979 Preisträger der Deutschen Phonoakademie mit der Band ROZZ. Beste Gruppe im Bereich Jazz. Seit diesem Zeitpunkt als Profimusiker vielfältig tätig.</p>
<p>Es folgten diverse Plattenveröffentlichungen, Tätigkeit als Studiomusiker für verschiedenste Produktionen, zahlreiche Bühnen- und Fernsehauftritte bis hin zu schauspielerischen Aufgaben bei Theateraufführungen mit Gastspielen in Staatstheatern (Greifswald, Stralsund, Bremen etc.).</p>
<p>Seit 1980 kam es immer wieder zu enger und häufiger Zusammenarbeit mit den Mitarbeitern des Senats für Wissenschaft, Forschung und Kultur.</p>
<p>Seit 18 Jahren Leiter des Tonstudios im &#8222;Kulturzentrum am Wartburgplatz&#8220;, &#8222;Die Weiße Rose&#8220;, Martin-Luther-Str.77, 10825 Berlin. Das oben genannte Tonstudio gehört der Stadt Berlin, und wird vom Bezirksamt Tempelhof-Schöneberg und dem Senator für Wissenschaft und Kulturelle Angelegenheiten unterhalten. Mein Aufgabenbereich umfasst die Förderung und Weiterbildung junger, begabter Gruppen und Musiker mit dem Schwerpunkt elektronischer Musik (neben dem herkömmlichen Instrumentarium).</p>
<p>Meine derzeitige musikalische Tätigkeit konzentriert sich zur Zeit auf die Komposition eigener Musikstücke im Bereich der U- und E-Musik (Gitarre und Trautonium, www.trautonium.org).</p>
<p>Seit Ende 1999 intensive Auseinandersetzung mit dem Trautonium. Im Jahr 2000 Fertigstellung meines ersten eigenen Instrumentes in Zusammenarbeit mit Dipl.Ing. J. Hiller, gefolgt von der Analyse und dem Erlernen der Spieltechnik des Instrumentes. 2002 folgte die Veröffentlichung einer ersten eigenen Komposition für Trautonium. Im Sommer 2003 erste kleine Auftritte mit meinem Mixturtrautonium beim Medienfest in der Weißen Rose. Am 19. Oktober 2003 Konzert im Kulturglobus im Rahmen von André Hellers Globusklängen: &#8222;Das Wunder des Trautoniums&#8220; mit Peter Ehlert und Jörg Kleine-Tebbe (Synthesizer R. V-Synth).</p>
<p>Anlässlich einer Festveranstaltung des Musikinstrumentenmuseums an der Berliner Philharmonie, zur offiziellen Übergabe im Dezember 2004 von O. Salas Mixturtrautonium an das Museum, hatte ich die Ehre ein kleines Konzert an O. Salas Instrument zu spielen. Mein eigenes Instrument diente als Begleitinstrument und wurde Peter Ehlert gespielt.</p>
<p>Auftritt im Rahmen der Konzertreihe Werkstatt &#8222;Klangapparate&#8220;: Thilges Trautonium am 18.11.06 im Podewils&#8217;schen Palais/Tesla, zusammen mit den Künstlern Nik Hummer und Gammon aus Wien.</p>
<p>01. und 02.03.07 &#8222;Subharmonische Klänge&#8220; zum 5. Todestag von O. Sala. Neue Stücke für das Trautonium. Konzert für 2 Trautonien, Klavier und Percussion im Berliner Musikinstrumentenmuseum.</p>
<p>03.06.07 Capitol-Kino Marburg, &#8222;Die Vögel&#8220; Live. Konzert, Demonstration und Vortrag zum Film.</p>

<p>Ich wurde am 3.10.1955 in Berlin geboren. Nach dem üblichen schulischen Werdegang (Grundschule, Oberschule, Studium), viele Jahre lang Lehraufträge im Fachbereich Medienpädagogik an der Fachhochschule für Sozialarbeit/päd. Seit meinem 16. Lebensjahr praktizierender Musiker (Gitarre) im Bereich U- Musik. 1979 Preisträger der Deutschen Phonoakademie mit der Band ROZZ. Beste Gruppe im Bereich Jazz. Seit diesem Zeitpunkt [&hellip;]</p>
